{"id":1398,"date":"2024-09-04T16:46:31","date_gmt":"2024-09-04T23:46:31","guid":{"rendered":"https:\/\/baleazulart.com\/gallery\/?post_type=product&#038;p=1398"},"modified":"2025-01-22T19:57:23","modified_gmt":"2025-01-23T02:57:23","slug":"vino-y-equilibrio","status":"publish","type":"product","link":"https:\/\/baleazulart.com\/gallery\/producto\/vino-y-equilibrio\/","title":{"rendered":"Vino y equilibrio."},"content":{"rendered":"<p>[et_pb_section fb_built=\u00bb1&#8243; _builder_version=\u00bb4.16&#8243; background_color=\u00bbrgba(255, 255, 255, 0)\u00bb custom_padding=\u00bb0px||||false|false\u00bb global_colors_info=\u00bb{}\u00bb][et_pb_row _builder_version=\u00bb4.16&#8243; background_size=\u00bbinitial\u00bb background_position=\u00bbtop_left\u00bb background_repeat=\u00bbrepeat\u00bb width=\u00bb100%\u00bb custom_padding=\u00bb0px||0px||false|false\u00bb global_colors_info=\u00bb{}\u00bb][et_pb_column type=\u00bb4_4&#8243; _builder_version=\u00bb4.16&#8243; custom_padding=\u00bb|||\u00bb global_colors_info=\u00bb{}\u00bb custom_padding__hover=\u00bb|||\u00bb][et_pb_wc_breadcrumb _builder_version=\u00bb4.16&#8243; global_colors_info=\u00bb{}\u00bb][\/et_pb_wc_breadcrumb][et_pb_wc_cart_notice _builder_version=\u00bb4.16&#8243; global_colors_info=\u00bb{}\u00bb][\/et_pb_wc_cart_notice][\/et_pb_column][\/et_pb_row][et_pb_row column_structure=\u00bb1_2,1_2&#8243; _builder_version=\u00bb4.16&#8243; background_size=\u00bbinitial\u00bb background_position=\u00bbtop_left\u00bb background_repeat=\u00bbrepeat\u00bb width=\u00bb100%\u00bb custom_padding=\u00bb0px||||false|false\u00bb collapsed=\u00bboff\u00bb global_colors_info=\u00bb{}\u00bb][et_pb_column type=\u00bb1_2&#8243; _builder_version=\u00bb4.16&#8243; custom_padding=\u00bb|||\u00bb global_colors_info=\u00bb{}\u00bb custom_padding__hover=\u00bb|||\u00bb][et_pb_wc_images _builder_version=\u00bb4.27.0&#8243; background_enable_image=\u00bboff\u00bb border_width_all_image=\u00bb5px\u00bb box_shadow_style_image=\u00bbpreset4&#8243; box_shadow_blur_image=\u00bb6px\u00bb box_shadow_spread_image=\u00bb6px\u00bb global_colors_info=\u00bb{}\u00bb][\/et_pb_wc_images][\/et_pb_column][et_pb_column type=\u00bb1_2&#8243; _builder_version=\u00bb4.16&#8243; custom_padding=\u00bb|||\u00bb global_colors_info=\u00bb{}\u00bb custom_padding__hover=\u00bb|||\u00bb][et_pb_wc_title _builder_version=\u00bb4.21.0&#8243; header_font=\u00bbPoppins||||||||\u00bb global_colors_info=\u00bb{}\u00bb][\/et_pb_wc_title][et_pb_wc_rating _builder_version=\u00bb4.16&#8243; global_colors_info=\u00bb{}\u00bb][\/et_pb_wc_rating][et_pb_wc_price _builder_version=\u00bb4.16&#8243; global_colors_info=\u00bb{}\u00bb][\/et_pb_wc_price][et_pb_wc_description _builder_version=\u00bb4.21.0&#8243; global_colors_info=\u00bb{}\u00bb description_type__hover_enabled=\u00bbon|desktop\u00bb][\/et_pb_wc_description][et_pb_wc_add_to_cart _builder_version=\u00bb4.21.0&#8243; global_colors_info=\u00bb{}\u00bb][\/et_pb_wc_add_to_cart][et_pb_wc_meta _builder_version=\u00bb4.16&#8243; global_colors_info=\u00bb{}\u00bb][\/et_pb_wc_meta][\/et_pb_column][\/et_pb_row][et_pb_row _builder_version=\u00bb4.16&#8243; background_size=\u00bbinitial\u00bb background_position=\u00bbtop_left\u00bb background_repeat=\u00bbrepeat\u00bb width=\u00bb100%\u00bb global_colors_info=\u00bb{}\u00bb][et_pb_column type=\u00bb4_4&#8243; _builder_version=\u00bb4.16&#8243; custom_padding=\u00bb|||\u00bb global_colors_info=\u00bb{}\u00bb custom_padding__hover=\u00bb|||\u00bb][et_pb_wc_tabs active_tab_background_color=\u00bb#FFFFFF\u00bb inactive_tab_background_color=\u00bb#FFFFFF\u00bb active_tab_text_color=\u00bb#000000&#8243; _builder_version=\u00bb4.21.0&#8243; tab_text_color=\u00bb#FFFFFF\u00bb body_font=\u00bbPoppins||||||||\u00bb tab_font=\u00bbPoppins||||||||\u00bb border_width_all=\u00bb0px\u00bb border_color_all=\u00bb#FFFFFF\u00bb border_style_all=\u00bbnone\u00bb global_colors_info=\u00bb{}\u00bb] [\/et_pb_wc_tabs][et_pb_wc_upsells columns_number=\u00bb3&#8243; _builder_version=\u00bb4.16&#8243; global_colors_info=\u00bb{}\u00bb][\/et_pb_wc_upsells][et_pb_wc_related_products posts_number=\u00bb20&#8243; columns_number=\u00bb6&#8243; include_categories=\u00bb61&#8243; _builder_version=\u00bb4.27.0&#8243; global_colors_info=\u00bb{}\u00bb][\/et_pb_wc_related_products][\/et_pb_column][\/et_pb_row][\/et_pb_section]<\/p>\n","protected":false},"excerpt":{"rendered":"<p>T\u00edtulo: <i>Vino y equilibrio.<\/i><\/p>\n<p>Autor: Fernando Flores<\/p>\n<p>T\u00e9cnica: Acuarela sobre papel. | water color on paper<\/p>\n<p>Tama\u00f1o: <i>\u00a0 49 x 64 cm.<\/i> |\u00a0 19.2 x 25.1 inches<\/p>\n<p>A\u00f1o: 2022.<\/p>\n<p><a href=\"https:\/\/baleazulart.com\/gallery\/fernando-flores\/\">Fernando Flores<\/a><\/p>\n","protected":false},"featured_media":1390,"comment_status":"closed","ping_status":"closed","template":"","meta":{"_et_pb_use_builder":"on","_et_pb_old_content":"Enmarcada. Marco de Nogal. Maria Luisa libre de \u00e1cidos. Acr\u00edlico | Walnut frame. Mat acid free. Acrylic.","_et_gb_content_width":"","jetpack_post_was_ever_published":false,"jetpack_publicize_message":"","jetpack_publicize_feature_enabled":true,"jetpack_social_post_already_shared":true,"jetpack_social_options":{"image_generator_settings":{"template":"highway","default_image_id":0,"font":"","enabled":false},"version":2}},"product_brand":[],"product_cat":[56,61],"product_tag":[],"class_list":{"0":"post-1398","1":"product","2":"type-product","3":"status-publish","4":"has-post-thumbnail","6":"product_cat-acuarela","7":"product_cat-fernando-flores","8":"product_shipping_class-medianos","10":"first","11":"instock","12":"sold-individually","13":"taxable","14":"shipping-taxable","15":"purchasable","16":"product-type-simple"},"yoast_head":"<!-- This site is optimized with the Yoast SEO plugin v27.3 - https:\/\/yoast.com\/product\/yoast-seo-wordpress\/ -->\n<title>Vino y equilibrio. - Gallery ArtBA<\/title>\n<meta name=\"robots\" content=\"index, follow, max-snippet:-1, max-image-preview:large, max-video-preview:-1\" \/>\n<link rel=\"canonical\" href=\"https:\/\/baleazulart.com\/gallery\/producto\/vino-y-equilibrio\/\" \/>\n<meta property=\"og:locale\" content=\"es_ES\" \/>\n<meta property=\"og:type\" content=\"article\" \/>\n<meta property=\"og:title\" content=\"Vino y equilibrio. - Gallery ArtBA\" \/>\n<meta property=\"og:description\" content=\"T\u00edtulo: Vino y equilibrio.  Autor: Fernando Flores  T\u00e9cnica: Acuarela sobre papel. | water color on paper  Tama\u00f1o: \u00a0 49 x 64 cm. |\u00a0 19.2 x 25.1 inches  A\u00f1o: 2022.  Fernando Flores\" \/>\n<meta property=\"og:url\" content=\"https:\/\/baleazulart.com\/gallery\/producto\/vino-y-equilibrio\/\" \/>\n<meta property=\"og:site_name\" content=\"Gallery ArtBA\" \/>\n<meta property=\"article:publisher\" content=\"https:\/\/www.instagram.com\/gallery_art_ba\/\" \/>\n<meta property=\"article:modified_time\" content=\"2025-01-23T02:57:23+00:00\" \/>\n<meta property=\"og:image\" content=\"https:\/\/baleazulart.com\/gallery\/wp-content\/uploads\/2024\/09\/Vino-y-equilibrio.jpg\" \/>\n\t<meta property=\"og:image:width\" content=\"1440\" \/>\n\t<meta property=\"og:image:height\" content=\"1009\" \/>\n\t<meta property=\"og:image:type\" content=\"image\/jpeg\" \/>\n<meta name=\"twitter:card\" content=\"summary_large_image\" \/>\n<meta name=\"twitter:label1\" content=\"Tiempo de lectura\" \/>\n\t<meta name=\"twitter:data1\" content=\"2 minutos\" \/>\n<script type=\"application\/ld+json\" class=\"yoast-schema-graph\">{\"@context\":\"https:\\\/\\\/schema.org\",\"@graph\":[{\"@type\":\"WebPage\",\"@id\":\"https:\\\/\\\/baleazulart.com\\\/gallery\\\/producto\\\/vino-y-equilibrio\\\/\",\"url\":\"https:\\\/\\\/baleazulart.com\\\/gallery\\\/producto\\\/vino-y-equilibrio\\\/\",\"name\":\"Vino y equilibrio. - Gallery ArtBA\",\"isPartOf\":{\"@id\":\"https:\\\/\\\/baleazulart.com\\\/gallery\\\/#website\"},\"primaryImageOfPage\":{\"@id\":\"https:\\\/\\\/baleazulart.com\\\/gallery\\\/producto\\\/vino-y-equilibrio\\\/#primaryimage\"},\"image\":{\"@id\":\"https:\\\/\\\/baleazulart.com\\\/gallery\\\/producto\\\/vino-y-equilibrio\\\/#primaryimage\"},\"thumbnailUrl\":\"https:\\\/\\\/baleazulart.com\\\/gallery\\\/wp-content\\\/uploads\\\/2024\\\/09\\\/Vino-y-equilibrio.jpg\",\"datePublished\":\"2024-09-04T23:46:31+00:00\",\"dateModified\":\"2025-01-23T02:57:23+00:00\",\"breadcrumb\":{\"@id\":\"https:\\\/\\\/baleazulart.com\\\/gallery\\\/producto\\\/vino-y-equilibrio\\\/#breadcrumb\"},\"inLanguage\":\"es\",\"potentialAction\":[{\"@type\":\"ReadAction\",\"target\":[\"https:\\\/\\\/baleazulart.com\\\/gallery\\\/producto\\\/vino-y-equilibrio\\\/\"]}]},{\"@type\":\"ImageObject\",\"inLanguage\":\"es\",\"@id\":\"https:\\\/\\\/baleazulart.com\\\/gallery\\\/producto\\\/vino-y-equilibrio\\\/#primaryimage\",\"url\":\"https:\\\/\\\/baleazulart.com\\\/gallery\\\/wp-content\\\/uploads\\\/2024\\\/09\\\/Vino-y-equilibrio.jpg\",\"contentUrl\":\"https:\\\/\\\/baleazulart.com\\\/gallery\\\/wp-content\\\/uploads\\\/2024\\\/09\\\/Vino-y-equilibrio.jpg\",\"width\":1440,\"height\":1009,\"caption\":\"Acuarela sobre papel, 49 x 64 cm. 2022. \u00a9 Fernando Flores 2022\"},{\"@type\":\"BreadcrumbList\",\"@id\":\"https:\\\/\\\/baleazulart.com\\\/gallery\\\/producto\\\/vino-y-equilibrio\\\/#breadcrumb\",\"itemListElement\":[{\"@type\":\"ListItem\",\"position\":1,\"name\":\"Portada\",\"item\":\"https:\\\/\\\/baleazulart.com\\\/gallery\\\/\"},{\"@type\":\"ListItem\",\"position\":2,\"name\":\"Vino y equilibrio.\"}]},{\"@type\":\"WebSite\",\"@id\":\"https:\\\/\\\/baleazulart.com\\\/gallery\\\/#website\",\"url\":\"https:\\\/\\\/baleazulart.com\\\/gallery\\\/\",\"name\":\"Gallery ArtBA\",\"description\":\"Galer\u00eda de Arte\",\"publisher\":{\"@id\":\"https:\\\/\\\/baleazulart.com\\\/gallery\\\/#organization\"},\"potentialAction\":[{\"@type\":\"SearchAction\",\"target\":{\"@type\":\"EntryPoint\",\"urlTemplate\":\"https:\\\/\\\/baleazulart.com\\\/gallery\\\/?s={search_term_string}\"},\"query-input\":{\"@type\":\"PropertyValueSpecification\",\"valueRequired\":true,\"valueName\":\"search_term_string\"}}],\"inLanguage\":\"es\"},{\"@type\":\"Organization\",\"@id\":\"https:\\\/\\\/baleazulart.com\\\/gallery\\\/#organization\",\"name\":\"Gallery ArtBA\",\"url\":\"https:\\\/\\\/baleazulart.com\\\/gallery\\\/\",\"logo\":{\"@type\":\"ImageObject\",\"inLanguage\":\"es\",\"@id\":\"https:\\\/\\\/baleazulart.com\\\/gallery\\\/#\\\/schema\\\/logo\\\/image\\\/\",\"url\":\"https:\\\/\\\/baleazulart.com\\\/gallery\\\/wp-content\\\/uploads\\\/2024\\\/10\\\/logo-c.png\",\"contentUrl\":\"https:\\\/\\\/baleazulart.com\\\/gallery\\\/wp-content\\\/uploads\\\/2024\\\/10\\\/logo-c.png\",\"width\":500,\"height\":500,\"caption\":\"Gallery ArtBA\"},\"image\":{\"@id\":\"https:\\\/\\\/baleazulart.com\\\/gallery\\\/#\\\/schema\\\/logo\\\/image\\\/\"},\"sameAs\":[\"https:\\\/\\\/www.instagram.com\\\/gallery_art_ba\\\/\",\"https:\\\/\\\/www.tiktok.com\\\/@gallery.artba\"]}]}<\/script>\n<!-- \/ Yoast SEO plugin. -->","yoast_head_json":{"title":"Vino y equilibrio. - Gallery ArtBA","robots":{"index":"index","follow":"follow","max-snippet":"max-snippet:-1","max-image-preview":"max-image-preview:large","max-video-preview":"max-video-preview:-1"},"canonical":"https:\/\/baleazulart.com\/gallery\/producto\/vino-y-equilibrio\/","og_locale":"es_ES","og_type":"article","og_title":"Vino y equilibrio. - Gallery ArtBA","og_description":"T\u00edtulo: Vino y equilibrio.  Autor: Fernando Flores  T\u00e9cnica: Acuarela sobre papel. | water color on paper  Tama\u00f1o: \u00a0 49 x 64 cm. |\u00a0 19.2 x 25.1 inches  A\u00f1o: 2022.  Fernando Flores","og_url":"https:\/\/baleazulart.com\/gallery\/producto\/vino-y-equilibrio\/","og_site_name":"Gallery ArtBA","article_publisher":"https:\/\/www.instagram.com\/gallery_art_ba\/","article_modified_time":"2025-01-23T02:57:23+00:00","og_image":[{"width":1440,"height":1009,"url":"https:\/\/baleazulart.com\/gallery\/wp-content\/uploads\/2024\/09\/Vino-y-equilibrio.jpg","type":"image\/jpeg"}],"twitter_card":"summary_large_image","twitter_misc":{"Tiempo de lectura":"2 minutos"},"schema":{"@context":"https:\/\/schema.org","@graph":[{"@type":"WebPage","@id":"https:\/\/baleazulart.com\/gallery\/producto\/vino-y-equilibrio\/","url":"https:\/\/baleazulart.com\/gallery\/producto\/vino-y-equilibrio\/","name":"Vino y equilibrio. - Gallery ArtBA","isPartOf":{"@id":"https:\/\/baleazulart.com\/gallery\/#website"},"primaryImageOfPage":{"@id":"https:\/\/baleazulart.com\/gallery\/producto\/vino-y-equilibrio\/#primaryimage"},"image":{"@id":"https:\/\/baleazulart.com\/gallery\/producto\/vino-y-equilibrio\/#primaryimage"},"thumbnailUrl":"https:\/\/baleazulart.com\/gallery\/wp-content\/uploads\/2024\/09\/Vino-y-equilibrio.jpg","datePublished":"2024-09-04T23:46:31+00:00","dateModified":"2025-01-23T02:57:23+00:00","breadcrumb":{"@id":"https:\/\/baleazulart.com\/gallery\/producto\/vino-y-equilibrio\/#breadcrumb"},"inLanguage":"es","potentialAction":[{"@type":"ReadAction","target":["https:\/\/baleazulart.com\/gallery\/producto\/vino-y-equilibrio\/"]}]},{"@type":"ImageObject","inLanguage":"es","@id":"https:\/\/baleazulart.com\/gallery\/producto\/vino-y-equilibrio\/#primaryimage","url":"https:\/\/baleazulart.com\/gallery\/wp-content\/uploads\/2024\/09\/Vino-y-equilibrio.jpg","contentUrl":"https:\/\/baleazulart.com\/gallery\/wp-content\/uploads\/2024\/09\/Vino-y-equilibrio.jpg","width":1440,"height":1009,"caption":"Acuarela sobre papel, 49 x 64 cm. 2022. \u00a9 Fernando Flores 2022"},{"@type":"BreadcrumbList","@id":"https:\/\/baleazulart.com\/gallery\/producto\/vino-y-equilibrio\/#breadcrumb","itemListElement":[{"@type":"ListItem","position":1,"name":"Portada","item":"https:\/\/baleazulart.com\/gallery\/"},{"@type":"ListItem","position":2,"name":"Vino y equilibrio."}]},{"@type":"WebSite","@id":"https:\/\/baleazulart.com\/gallery\/#website","url":"https:\/\/baleazulart.com\/gallery\/","name":"Gallery ArtBA","description":"Galer\u00eda de Arte","publisher":{"@id":"https:\/\/baleazulart.com\/gallery\/#organization"},"potentialAction":[{"@type":"SearchAction","target":{"@type":"EntryPoint","urlTemplate":"https:\/\/baleazulart.com\/gallery\/?s={search_term_string}"},"query-input":{"@type":"PropertyValueSpecification","valueRequired":true,"valueName":"search_term_string"}}],"inLanguage":"es"},{"@type":"Organization","@id":"https:\/\/baleazulart.com\/gallery\/#organization","name":"Gallery ArtBA","url":"https:\/\/baleazulart.com\/gallery\/","logo":{"@type":"ImageObject","inLanguage":"es","@id":"https:\/\/baleazulart.com\/gallery\/#\/schema\/logo\/image\/","url":"https:\/\/baleazulart.com\/gallery\/wp-content\/uploads\/2024\/10\/logo-c.png","contentUrl":"https:\/\/baleazulart.com\/gallery\/wp-content\/uploads\/2024\/10\/logo-c.png","width":500,"height":500,"caption":"Gallery ArtBA"},"image":{"@id":"https:\/\/baleazulart.com\/gallery\/#\/schema\/logo\/image\/"},"sameAs":["https:\/\/www.instagram.com\/gallery_art_ba\/","https:\/\/www.tiktok.com\/@gallery.artba"]}]}},"jetpack_publicize_connections":[],"jetpack_sharing_enabled":true,"_links":{"self":[{"href":"https:\/\/baleazulart.com\/gallery\/wp-json\/wp\/v2\/product\/1398","targetHints":{"allow":["GET"]}}],"collection":[{"href":"https:\/\/baleazulart.com\/gallery\/wp-json\/wp\/v2\/product"}],"about":[{"href":"https:\/\/baleazulart.com\/gallery\/wp-json\/wp\/v2\/types\/product"}],"replies":[{"embeddable":true,"href":"https:\/\/baleazulart.com\/gallery\/wp-json\/wp\/v2\/comments?post=1398"}],"wp:featuredmedia":[{"embeddable":true,"href":"https:\/\/baleazulart.com\/gallery\/wp-json\/wp\/v2\/media\/1390"}],"wp:attachment":[{"href":"https:\/\/baleazulart.com\/gallery\/wp-json\/wp\/v2\/media?parent=1398"}],"wp:term":[{"taxonomy":"product_brand","embeddable":true,"href":"https:\/\/baleazulart.com\/gallery\/wp-json\/wp\/v2\/product_brand?post=1398"},{"taxonomy":"product_cat","embeddable":true,"href":"https:\/\/baleazulart.com\/gallery\/wp-json\/wp\/v2\/product_cat?post=1398"},{"taxonomy":"product_tag","embeddable":true,"href":"https:\/\/baleazulart.com\/gallery\/wp-json\/wp\/v2\/product_tag?post=1398"}],"curies":[{"name":"wp","href":"https:\/\/api.w.org\/{rel}","templated":true}]}}